{"id":30,"date":"2018-12-11T11:52:27","date_gmt":"2018-12-11T10:52:27","guid":{"rendered":"http:\/\/bswelectric.fr\/?page_id=30"},"modified":"2023-10-15T18:33:10","modified_gmt":"2023-10-15T16:33:10","slug":"contact","status":"publish","type":"page","link":"https:\/\/bswelectric.fr\/index.php\/contact\/","title":{"rendered":"Contact &#8211; Demander un devis"},"content":{"rendered":"<ul>\r\n<li>Nous communiquer \u00e0 l&rsquo;adresse mail contact@bswelectric.fr votre nom, pr\u00e9nom, num\u00e9ro de t\u00e9l\u00e9phone,\u00a0 l&rsquo;adresse du site concern\u00e9 et un bref descriptif de votre besoin. Nous vous r\u00e9pondons en 24 \u00e0 48h.<\/li>\r\n<\/ul>\r\n<p><strong>BSW ELECTRIC<\/strong> \u2013 53, Rue de la Libre Pens\u00e9e \u00e0 Romainville<br \/>S.A.S au Capital de 7 000 Euros. Bureau. <strong>+33(0)1 80 60 11 20<\/strong><br \/>Mail. <strong>contact@bswelectric.fr<\/strong><\/p>\r\n<p>ENTREPRISE <strong>AGREEE QUALIFELEC<\/strong> ***** \/ <strong>MAIRIE DE PARIS<\/strong> *****<\/p>\r\n<p>L\u2019 \u00e9quipe BSW Electric vous remercie.<\/p>\r\n<p>&nbsp;<\/p>\r\n<p>&nbsp;<\/p>\r\n","protected":false},"excerpt":{"rendered":"<p>Nous communiquer \u00e0 l&rsquo;adresse mail contact@bswelectric.fr votre nom, pr\u00e9nom, num\u00e9ro de t\u00e9l\u00e9phone,\u00a0 l&rsquo;adresse du site concern\u00e9 et un bref descriptif de votre besoin. Nous vous r\u00e9pondons en 24 \u00e0 48h. BSW ELECTRIC \u2013 53, Rue de la Libre Pens\u00e9e \u00e0 RomainvilleS.A.S au Capital de 7 000 Euros. Bureau. +33(0)1 80 60 11 20Mail. contact@bswelectric.fr ENTREPRISE &hellip; <\/p>\n<p class=\"link-more\"><a href=\"https:\/\/bswelectric.fr\/index.php\/contact\/\" class=\"more-link\">Continuer la lecture<span class=\"screen-reader-text\"> de &laquo;&nbsp;Contact &#8211; Demander un devis&nbsp;&raquo;<\/span><\/a><\/p>\n","protected":false},"author":1,"featured_media":319,"parent":0,"menu_order":0,"comment_status":"closed","ping_status":"closed","template":"","meta":{"footnotes":""},"_links":{"self":[{"href":"https:\/\/bswelectric.fr\/index.php\/wp-json\/wp\/v2\/pages\/30"}],"collection":[{"href":"https:\/\/bswelectric.fr\/index.php\/wp-json\/wp\/v2\/pages"}],"about":[{"href":"https:\/\/bswelectric.fr\/index.php\/wp-json\/wp\/v2\/types\/page"}],"author":[{"embeddable":true,"href":"https:\/\/bswelectric.fr\/index.php\/wp-json\/wp\/v2\/users\/1"}],"replies":[{"embeddable":true,"href":"https:\/\/bswelectric.fr\/index.php\/wp-json\/wp\/v2\/comments?post=30"}],"version-history":[{"count":13,"href":"https:\/\/bswelectric.fr\/index.php\/wp-json\/wp\/v2\/pages\/30\/revisions"}],"predecessor-version":[{"id":202,"href":"https:\/\/bswelectric.fr\/index.php\/wp-json\/wp\/v2\/pages\/30\/revisions\/202"}],"wp:featuredmedia":[{"embeddable":true,"href":"https:\/\/bswelectric.fr\/index.php\/wp-json\/wp\/v2\/media\/319"}],"wp:attachment":[{"href":"https:\/\/bswelectric.fr\/index.php\/wp-json\/wp\/v2\/media?parent=30"}],"curies":[{"name":"wp","href":"https:\/\/api.w.org\/{rel}","templated":true}]}}